67 + -62. Suppose -2*t + m*x + 49 = 0, -x + 17 = 4*t - 26. What is the greatest common factor of 96 and t?
12
Let v = -35 + 53. Suppose 2*z = z + 45. What is the highest common divisor of v and z?
9
Suppose -k - 10 + 35 = 0. What is the highest common factor of 275 and k?
25
Suppose -w - 2 = 0, 0 = -3*v - 3*w - w - 101. Let p = v + 33. Calculate the greatest common factor of p and 2.
2
Suppose 2*q - 3*q = -9. Suppose 23*j - 7 = 20*j + 5*o, 4*j - 2*o - 28 = 0. Calculate the greatest common factor of q and j.
9
Suppose -3*y = -2*d + 300, y + 4*y - 4*d + 498 = 0. Let s = 106 + y. What is the highest common factor of s and 20?
4
Suppose -13*c + 10 = -8*c. Suppose -b - c*g = -19, -3*g = b + g - 27. Let y = 0 - -1. Calculate the highest common factor of b and y.
1
Let t(k) = -19*k - 318. Let l be t(-21). What is the greatest common factor of l and 648?
81
Let f be (-10 + 2)*67*4/(-16). What is the greatest common factor of f and 335?
67
Let j be (84/(-2))/((-1)/2). Let v be (72/56)/((-9)/(-84)). What is the highest common factor of v and j?
12
Suppose -7 + 36 = 3*a - 4*z, -2*z = -2*a + 18. Suppose 16*o - 288 = a*o. What is the highest common factor of o and 48?
16
Let t be 168/((-44)/(-8) - 4). Calculate the highest common divisor of 28 and t.
28
Let v be (6/(-10))/(145/75 - 2). Suppose -1260 = v*d - 24*d. Calculate the highest common factor of d and 210.
42
Let x be (-1127)/(-21) - 6/9. What is the highest common factor of 53 and x?
53
Let b be (0 - 1)/((-1)/6). Suppose -k - 5*p + 19 = 0, -6*p + 11 = k - 5*p. Suppose -k = -7*o + b*o. What is the highest common divisor of o and 1?
1
Suppose 0 = -2*y + 3*y - 16. Let z be (10/25)/(2*(-3)/(-720)). Calculate the highest common factor of z and y.
16
Let s = 797 + -573. What is the greatest common divisor of s and 168?
56
Suppose -2*i + 304 = 2*i. Suppose -44 = i*s - 78*s. What is the highest common divisor of s and 242?
22
Suppose -3*v - 9 = -0. Let m be (-183)/9*v + 2. Calculate the highest common divisor of 7 and m.
7
Let w(n) = 2*n**2 + 7*n - 2. Let q be w(-6). Suppose -y = 4*s - 4*y - 56, 3*y + q = 2*s. Calculate the highest common factor of s and 42.
14
Suppose 2*u = -d + 3*d + 24, -3*d = -4*u + 48. Calculate the highest common factor of 372 and u.
12
Let o be (-9)/(-1)*1*2/2. Let p be (-3)/o - 1/(6/(-170)). What is the greatest common factor of p and 14?
14
Suppose 5 + 2 = n. Suppose -62 = -3*x + n. Suppose 7*d = 33 + x. What is the greatest common factor of d and 2?
2
Let k = -22 + 26. Suppose -y + 3*p + 194 = 0, 0 = -5*y - 6*p + k*p + 1004. What is the greatest common factor of 20 and y?
20
Suppose 0 = 15*d + 1606 - 1756. Let x = 73 - 23. Calculate the greatest common factor of d and x.
10
Let w(i) = 347*i + 1394. Let t be w(-4). Let p(u) = u**3 - u**2 - 4*u. Let k be p(3). What is the highest common factor of t and k?
6
Let h be (1 + 2/3)/((-2)/60). Let b = -18 - h. What is the highest common factor of b and 96?
32
Let f(j) be the second derivative of -j**4/12 + 11*j**3/6 - 15*j**2/2 - j. Let u be f(6). What is the greatest common factor of 105 and u?
15
Let h = 0 - -2. Let t(m) = -2*m**h + 3*m**2 - m**3 - 7 + 3*m**2 + 3*m + 7*m. Let g be t(5). What is the highest common factor of g and 27?
9
Let w be 15*-1*6/(-18). Suppose -w*a + 12 = -33. What is the highest common factor of 6 and a?
3
Let y(s) = s**3 + 13*s**2 + 17*s - 33. Let f be y(-11). What is the highest common divisor of f and 319?
11
Let k be 80/(-15) + 5 + (-166)/(-3). Calculate the highest common divisor of 715 and k.
55
Let b(f) = f**2 - 3*f - 26. Let t be b(8). Suppose 6*z = -z + t. Calculate the greatest common factor of z and 2.
2
Let w(t) = -8*t + 8. Let p be w(2). Let x be (-36)/((108/p)/9). What is the highest common factor of x and 60?
12
Suppose 4*r = r + 3*l + 270, -82 = -r + 3*l. Let m = 98 - r. Calculate the greatest common divisor of 44 and m.
4
Let j(d) = d**2. Let v be j(-2). Suppose -u + 40 = -z - 0*z, 3*u = -v*z + 134. What is the greatest common factor of u and 105?
21
Let k be 2/8 + (-315)/12. Suppose -14*n = -22*n - 216. Let t = k - n. Calculate the highest common divisor of 5 and t.
1
Let f be 15/(-6)*(-12)/10. Let m be (f + 45/25)*-140. Let v be (3/4)/((-7)/m). What is the greatest common divisor of 9 and v?
9
Let c(a) = 10*a - 15. Let z = 72 + -65. Let j be c(z). What is the highest common factor of j and 11?
11
Suppose 3*q + 2*m = 511, 4*m - 168 = -q + m. Calculate the highest common factor of 9 and q.
9
Let z = -20 + 356. Suppose -8*k + 3*k - 2*d + z = 0, -k + 58 = 5*d. Let j = -36 + k. Calculate the greatest common divisor of j and 8.
8
Suppose 14*w = 3*j + 15*w - 394, -2*j = 4*w - 246. Calculate the highest common divisor of 38 and j.
19
Let k(i) = -4*i**2 + 10*i - 7. Let d be k(7). Let v = d - -305. Suppose -z = -4*a - 3*z + v, a - 2*z = 53. Calculate the highest common factor of a and 30.
15
Suppose -15 = 5*w, o = -3*o - 5*w + 2025. What is the greatest common divisor of 15 and o?
15
Let g = 207 - 195. What is the highest common factor of g and 54?
6
Let b = 55 + -30. Suppose -41*y + 11137 = -138. Calculate the highest common divisor of b and y.
25
Let q = -147 + 151. Let m(t) = t**3 + 4*t**2. Let l be m(-4). Let o = l + 2. Calculate the greatest common divisor of q and o.
2
Suppose -16*y + 1872 = -240. Calculate the highest common divisor of y and 220.
44
Suppose q - 28 = -6*j + 2*j, 3*q = 3*j + 9. Suppose -f + 2 = q. Let t(d) = -3*d + 5. Let z be t(f). Calculate the greatest common divisor of z and 115.
23
Suppose 0 = -73*m + 78*m - 600. What is the greatest common factor of 150 and m?
30
Suppose -4379 = 43*l - 8056 - 6557. Suppose -2*f + 13 = 2*o + o, 22 = 3*f + 4*o. Calculate the greatest common divisor of f and l.
14
Suppose 8*n - 770 = 302. Let l = n - -37. Calculate the greatest common divisor of 19 and l.
19
Suppose 53 = 2*z + 62*u - 57*u, -3*z + 127 = -2*u. Calculate the highest common factor of 78 and z.
39
Let y(l) = 4*l**2 + 8*l - 12. Let a be y(7). Calculate the greatest common factor of 144 and a.
48
Let t = 94 + 354. What is the highest common divisor of 28 and t?
28
Let a = 32 - 27. Suppose -a*r + 20 + 110 = 0. Calculate the highest common divisor of r and 65.
13
Suppose 6*g - 138 = 3*g. Let k = 3632 - 3563. What is the greatest common factor of g and k?
23
Let r be (-11 - (-360)/10) + (-1 - 0). What is the highest common factor of r and 24?
24
Let r(q) = -2*q + 50. Let t be r(15). Calculate the greatest common factor of 80 and t.
20
Let i be 10/(-35) + ((-1184)/(-28) - -3). Suppose 4*s - 55 = i. What is the greatest common divisor of 5 and s?
5
Suppose -990 = -114*s + 104*s. Suppose 0*r + 4*r = 36. Calculate the highest common factor of r and s.
9
Let y = -713 + 733. Calculate the greatest common factor of y and 500.
20
Suppose 0 = 3*m - 4*c - 22 - 78, 92 = 4*m + 5*c. What is the greatest common factor of 126 and m?
14
Suppose -b + 3607 = -482. What is the highest common factor of b and 47?
47
Let t be (-3)/(-9)*47 + (-20)/30. Calculate the highest common divisor of 345 and t.
15
Suppose -3*d = -6*d + w + 2515, 3*d - 5*w - 2531 = 0. Calculate the highest common factor of 27 and d.
27
Let s = -308 - 84. Let z be s/(-2) - (-12 - -10). Calculate the highest common divisor of 22 and z.
22
Let k = 17 + -34. Let v = -5 - k. What is the highest common factor of 84 and v?
12
Let v be (-52)/(5/(-200)*5). What is the highest common factor of v and 48?
16
Suppose -51 = -3*j + 21. Suppose 0 = 30*o - 20*o - 80. What is the greatest common factor of o and j?
8
Suppose 5*r - 59 = -3*h + 4*r, -h = -3*r - 33. Suppose 4*d + 253 = 673. Calculate the greatest common divisor of d and h.
21
Let s be (-1710)/(-8)*(286/33 - 6). What is the highest common divisor of s and 90?
30
Suppose 4*l = -d + 49, 7*d - 4*d = -2*l + 27. Calculate the highest common factor of l and 18.
6
Let x be (34/51)/(2/3). Let m = 3 + x. What is the highest common divisor of 32 and m?
4
Let i(b) = -b**3 - 19*b**2 - 58*b - 82. Let h be i(-16). What is the greatest common factor of 39 and h?
39
Let f be -12 + 1232/104 - 54370/(-26). Calculate the greatest common factor of 102 and f.
51
Suppose -2*v = -11 - 17. Suppose -15 = -5*l - 0*s + 2*s, 2*l - s = 7. Let k be (7 - 4/l) + 137. Calculate the greatest common divisor of v and k.
14
Let